 thousands digit of 7122982?
2
What is the millions digit of 5976041?
5
What is the hundred thousands digit of 2096234?
0
What is the thousands digit of 908092?
8
What is the units digit of 10421375?
5
What is the hundreds digit of 456757?
7
What is the units digit of 708008?
8
What is the units digit of 7718898?
8
What is the units digit of 201429?
9
What is the thousands digit of 39601?
9
What is the hundreds digit of 22970916?
9
What is the tens digit of 2932284?
8
What is the millions digit of 1759850?
1
What is the tens digit of 200935?
3
What is the units digit of 2559562?
2
What is the thousands digit of 490671?
0
What is the thousands digit of 155717?
5
What is the ten thousands digit of 6297952?
9
What is the units digit of 985090?
0
What is the hundreds digit of 9855403?
4
What is the ten thousands digit of 518691?
1
What is the hundreds digit of 1611035?
0
What is the hundred thousands digit of 191756?
1
What is the hundreds digit of 3609058?
0
What is the ten thousands digit of 448490?
4
What is the thousands digit of 15148102?
8
What is the units digit of 502713?
3
What is the hundred thousands digit of 22892053?
8
What is the thousands digit of 2819126?
9
What is the units digit of 460486?
6
What is the thousands digit of 222285?
2
What is the hundreds digit of 70571?
5
What is the units digit of 2087401?
1
What is the tens digit of 244975?
7
What is the tens digit of 1760655?
5
What is the units digit of 26818598?
8
What is the thousands digit of 1242598?
2
What is the hundred thousands digit of 1038816?
0
What is the ten thousands digit of 709891?
0
What is the hundred thousands digit of 324612?
3
What is the ten millions digit of 23307933?
2
What is the ten thousands digit of 965357?
6
What is the millions digit of 2332672?
2
What is the millions digit of 6206622?
6
What is the tens digit of 2227325?
2
What is the millions digit of 20358974?
0
What is the hundred thousands digit of 2503268?
5
What is the units digit of 216462?
2
What is the hundred thousands digit of 30851132?
8
What is the units digit of 165100?
0
What is the thousands digit of 651737?
1
What is the hundreds digit of 50732?
7
What is the ten thousands digit of 3133191?
3
What is the units digit of 2080082?
2
What is the hundreds digit of 605294?
2
What is the tens digit of 1131387?
8
What is the thousands digit of 1837473?
7
What is the units digit of 2838326?
6
What is the thousands digit of 174135?
4
What is the millions digit of 1645326?
1
What is the millions digit of 1039710?
1
What is the thousands digit of 4272530?
2
What is the hundreds digit of 867399?
3
What is the ten thousands digit of 66886?
6
What is the hundreds digit of 2657719?
7
What is the thousands digit of 171212?
1
What is the hundred thousands digit of 3035846?
0
What is the units digit of 613500?
0
What is the units digit of 727895?
5
What is the thousands digit of 257910?
7
What is the thousands digit of 409263?
9
What is the ten thousands digit of 287782?
8
What is the hundred thousands digit of 577188?
5
What is the hundreds digit of 2500686?
6
What is the hundreds digit of 2988107?
1
What is the tens digit of 92531?
3
What is the ten thousands digit of 170577?
7
What is the thousands digit of 1371311?
1
What is the ten thousands digit of 56240?
5
What is the hundreds digit of 4988?
9
What is the ten thousands digit of 115225?
1
What is the units digit of 1057911?
1
What is the units digit of 344121?
1
What is the hundreds digit of 13374722?
7
What is the units digit of 251783?
3
What is the hundred thousands digit of 10359065?
3
What is the ten thousands digit of 11179489?
7
What is the tens digit of 926429?
2
What is the hundred thousands digit of 382667?
3
What is the hundred thousands digit of 2668093?
6
What is the thousands digit of 4456724?
6
What is the tens digit of 1641374?
7
What is the ten thousands digit of 10236096?
3
What is the thousands digit of 18735159?
5
What is the ten thousands digit of 385439?
8
What is the thousands digit of 25428?
5
What is the tens digit of 128458?
5
What is the hundred thousands digit of 1131448?
1
What is the hundred thousands digit of 3217667?
2
What is the units digit of 5494358?
8
What is the units digit of 85674?
4
What is the hundreds digit of 15806970?
9
What is the thousands digit of 5196331?
6
What is the units digit of 8707928?
8
What is the thousands digit of 17913809?
3
What is the tens digit of 514515?
1
What is the ten thousands digit of 62060?
6
What is the hundreds digit of 2575826?
8
What is the units digit of 9613825?
5
What is the thousands digit of 184942?
4
What is the units digit of 222329?
9
What is the hundred thousands digit of 515088?
5
What is the hundred thousands digit of 460430?
4
What is the hundred thousands digit of 3899862?
8
What is the millions digit of 22080699?
2
What is the units digit of 141481?
1
What is the millions digit of 11893007?
1
What is the hundred thousands digit of 437285?
4
What is the hundred thousands digit of 276164?
2
What is the tens digit of 3393748?
4
What is the thousands digit of 25482673?
2
What is the hundreds digit of 9943885?
8
What is the units digit of 27557?
7
What is the hundreds digit of 402120?
1
What is the thousands digit of 38334?
8
What is the hundred thousands digit of 549919?
5
What is the hundred thousands digit of 11116222?
1
What is the hundred thousands digit of 3789114?
7
What is the hundred thousands digit of 120893?
1
What is the hundreds digit of 24230?
2
What is the ten thousands digit of 535968?
3
What is the tens digit of 8352166?
6
What is the millions digit of 2580532?
2
What is the hundreds digit of 409679?
6
What is the hundred thousands digit of 20463411?
4
What is the hundreds digit of 1507273?
2
What is the hundreds digit of 1649154?
1
What is the thousands digit of 2445661?
5
What is the units digit of 6243?
3
What is the hundreds digit of 224184?
1
What is the ten thousands digit of 5705499?
0
What is the tens digit of 969918?
1
What is the thousands digit of 4325459?
5
What is the millions digit of 5013628?
5
What is the millions digit of 1184345?
1
What is the ten thousands digit of 108951?
0
What is the tens digit of 187264?
6
What is the ten millions digit of 14878299?
1
What is the millions digit of 4877451?
4
What is the millions digit of 3172564?
3
What is the tens digit of 116765?
6
What is the hundreds digit of 164516?
5
What is the ten thousands digit of 1495640?
9
What is the millions digit of 4999388?
4
What is the hundred thousands digit of 4090312?
0
What is the units digit of 2409776?
6
What is the hundred thousands digit of 4604947?
6
What is the hundred thousands digit of 1268752?
2
What is the thousands digit of 34915322?
5
What is the units digit of 455940?
0
What is the tens digit of 169204?
0
What is the tens digit of 24308639?
3
What is the hundreds digit of 6574221?
2
What is the hundreds digit of 169498?
4
What is the millions digit of 1986438?
1
What is the tens digit of 12674400?
0
What is the hundreds digit of 91743?
7
What is the tens digit of 912409?
0
What is the tens digit of 602149?
4
What is the ten thousands digit of 586555?
8
What is the thousands digit of 1235753?
5
What is the hundreds digit of 453676?
6
What is the tens digit of 2201210?
1
What is the hundred thousands digit of 6206502?
2
What is the ten thousands digit of 105507?
0
What is the thousands digit of 127563?
7
What is the tens digit of 7352156?
5
What is the thousands digit of 1365507?
5
What is the tens digit of 27248973?
7
What is the hundred thousands digit of 149675?
1
What is the millions digit of 1124164?
1
What is the millions digit of 2288294?
2
What is the hundred thousands digit of 10695245?
6
What is the hundred thousands digit of 178524?
1
What is the hundreds digit of 308526?
5
What is the tens digit of 383561?
6
What is the tens digit of 116924?
2
What is the hundreds digit of 11101665?
6
What is the thousands digit of 489658?
9
What is the units digit of 1787820?
0
What is the ten thousands digit of 2141335?
4
What is the hundreds digit of 64135?
1
What is the hundreds digit of 2394138?
1
What is the millions digit of 8706871?
8
What is the units digit of 4119970?
0
What is the tens digit of 644157?
5
What is the thousands 